{"id":21,"date":"2017-07-14T16:17:09","date_gmt":"2017-07-14T14:17:09","guid":{"rendered":"http:\/\/cms.milbertshofener-buehne.de\/?page_id=21"},"modified":"2017-09-17T16:04:21","modified_gmt":"2017-09-17T14:04:21","slug":"wir","status":"publish","type":"page","link":"https:\/\/www.milbertshofener-buehne.de\/?page_id=21","title":{"rendered":"Der Verein &#8211; Die Leute"},"content":{"rendered":"<p>Uns gibt&#8217;s seit 1982 &#8211; also die Milbertshofener B\u00fchne M\u00fcnchen. Die einen von uns gibt&#8217;s schon etwas l\u00e4nger, die andern noch nicht ganz so lang, und alle haben eines gemeinsam. Uns verbindet die Freude am Theaterspiel, also uns zu verstellen und in andere Rollen zu schl\u00fcpfen, und damit auch noch andern Freude zu machen.<\/p>\n<p>Jedes Jahr spielen wir Theater. Sechs Auff\u00fchrungen im November. Jedes Jahr ein anderes St\u00fcck. Wir treffen uns einmal im Monat zum Stammtisch, um uns zu sehen, um \u00fcber dieses und jenes zu plaudern und um Entscheidungen zu treffen. Vor allem, welches St\u00fcck wir dieses Jahr spielen wollen. Das entscheidet nat\u00fcrlich unser Spielleiter, aber die anderen reden ihm da auch geh\u00f6rig rein. Ist das St\u00fcck der St\u00fccke dann gefunden geht&#8217;s erst richtig los.<\/p>\n<p>Jedes Jahr machen wir ein ganz sch\u00f6nes Theater, um f\u00fcr unsere G\u00e4ste ein sch\u00f6nes Theater zu machen. St\u00fccke lesen, Leseproben, Text lernen, B\u00fchnenbau, B\u00fchnenproben, Text lernen, mehr B\u00fchnenbau, mehr Proben, Text lernen, B\u00fchnenmalerei, Requisiten besorgen, Proben, Kost\u00fcme anprobieren, Text lernen, Proben, u.s.w.<\/p>\n<p>Das ist es jedes Jahr aufs Neue wert, um bei den Auff\u00fchrungen hinter der B\u00fchne zu stehen und zu lauschen, wie unserem Publikum das St\u00fcck gef\u00e4llt. Dann der erste Auftritt &#8211; auch f\u00fcr die alten Hasen jedes Jahr etwas Besonderes. Und dann der erste Lacher und der erste Applaus. Wir spielen, weil es uns Spa\u00df macht und dem Publikum macht es Spa\u00df, weil wir gerne spielen.<\/p>\n<p>Wir sind keine Profis, alle haben noch einen Hauptberuf. Und doch stellen wir hohe Anspr\u00fcche an unser Theaterspiel. Wenn es keinen Spa\u00df macht taugt es nichts. Das sollten Sie sich wirklich nicht entgehen lassen. Finden Sie mehr \u00fcber <a href=\"http:\/\/cms.milbertshofener-buehne.de\/?page_id=25\">unsere Theaterst\u00fccke<\/a>, vor allem \u00fcber <a href=\"http:\/\/cms.milbertshofener-buehne.de\/?page_id=19\">das diesj\u00e4hrige St\u00fcck<\/a> heraus und wann und <a href=\"http:\/\/cms.milbertshofener-buehne.de\/?page_id=22\">wo die Auff\u00fchrungen stattfinden<\/a>. Kommen Sie zu uns ins Theater und erleben Sie einen (oder mehrere) Abende voller Lachen und Freude und Spa\u00df.<\/p>\n<p>Wir freuen uns auf Sie!<\/p>\n<h5 style=\"text-align: center;\">Es lacht der Zwerg und auch der H\u00fchne &#8211; bei Ihrer Milbertshofener B\u00fchne.<\/h5>\n<p>&nbsp;<\/p>\n","protected":false},"excerpt":{"rendered":"<p>Uns gibt&#8217;s seit 1982 &#8211; also die Milbertshofener B\u00fchne M\u00fcnchen. Die einen von uns gibt&#8217;s schon etwas l\u00e4nger, die andern noch nicht ganz so lang, und alle haben eines gemeinsam. Uns verbindet die Freude am Theaterspiel, also uns zu verstellen und in andere Rollen zu schl\u00fcpfen, und damit auch noch andern Freude zu machen. Jedes [&hellip;]<\/p>\n","protected":false},"author":1,"featured_media":0,"parent":0,"menu_order":0,"comment_status":"closed","ping_status":"closed","template":"","meta":{"footnotes":""},"class_list":["post-21","page","type-page","status-publish","hentry"],"_links":{"self":[{"href":"https:\/\/www.milbertshofener-buehne.de\/index.php?rest_route=\/wp\/v2\/pages\/21","targetHints":{"allow":["GET"]}}],"collection":[{"href":"https:\/\/www.milbertshofener-buehne.de\/index.php?rest_route=\/wp\/v2\/pages"}],"about":[{"href":"https:\/\/www.milbertshofener-buehne.de\/index.php?rest_route=\/wp\/v2\/types\/page"}],"author":[{"embeddable":true,"href":"https:\/\/www.milbertshofener-buehne.de\/index.php?rest_route=\/wp\/v2\/users\/1"}],"replies":[{"embeddable":true,"href":"https:\/\/www.milbertshofener-buehne.de\/index.php?rest_route=%2Fwp%2Fv2%2Fcomments&post=21"}],"version-history":[{"count":15,"href":"https:\/\/www.milbertshofener-buehne.de\/index.php?rest_route=\/wp\/v2\/pages\/21\/revisions"}],"predecessor-version":[{"id":2593,"href":"https:\/\/www.milbertshofener-buehne.de\/index.php?rest_route=\/wp\/v2\/pages\/21\/revisions\/2593"}],"wp:attachment":[{"href":"https:\/\/www.milbertshofener-buehne.de\/index.php?rest_route=%2Fwp%2Fv2%2Fmedia&parent=21"}],"curies":[{"name":"wp","href":"https:\/\/api.w.org\/{rel}","templated":true}]}}