{"id":2617,"date":"2017-10-14T10:40:53","date_gmt":"2017-10-14T08:40:53","guid":{"rendered":"http:\/\/www.milbertshofener-buehne.de\/?page_id=2617"},"modified":"2017-10-14T15:13:25","modified_gmt":"2017-10-14T13:13:25","slug":"newsletter","status":"publish","type":"page","link":"https:\/\/www.milbertshofener-buehne.de\/?page_id=2617","title":{"rendered":"Newsletter"},"content":{"rendered":"<p><div class=\"tnp tnp-subscription \">\n<form method=\"post\" action=\"https:\/\/www.milbertshofener-buehne.de\/wp-admin\/admin-ajax.php?action=tnp&amp;na=s\">\n<input type=\"hidden\" name=\"nlang\" value=\"\">\n<div class=\"tnp-field tnp-field-email\"><label for=\"tnp-1\">Email<\/label>\n<input class=\"tnp-email\" type=\"email\" name=\"ne\" id=\"tnp-1\" value=\"\" placeholder=\"\" required><\/div>\n<div class=\"tnp-field tnp-privacy-field\"><label><input type=\"checkbox\" name=\"ny\" required class=\"tnp-privacy\"> <a target=\"_blank\" href=\"https:\/\/www.milbertshofener-buehne.de\/?page_id=2772\">Ich habe die Datenschutzerkl\u00e4rung gelesen und stimme ihr zu<\/a><\/label><\/div><div class=\"tnp-field tnp-field-button\" style=\"text-align: left\"><input class=\"tnp-submit\" type=\"submit\" value=\"jetzt Abonnieren\" style=\"\">\n<\/div>\n<\/form>\n<\/div>\n<\/p>\n<p>&nbsp;<\/p>\n<p><strong>Wir geben Ihre Emailadresse nicht weiter und verwenden sie nur f\u00fcr Benachrichtigungen, die wir <em>einmal im Jahr<\/em> verschicken, und in denen wir Sie \u00fcber das aktuelle St\u00fcck, die Auff\u00fchrungstermine und die Kartenreservierung informieren.<\/strong><\/p>\n","protected":false},"excerpt":{"rendered":"<p>&nbsp; Wir geben Ihre Emailadresse nicht weiter und verwenden sie nur f\u00fcr Benachrichtigungen, die wir einmal im Jahr verschicken, und in denen wir Sie \u00fcber das aktuelle St\u00fcck, die Auff\u00fchrungstermine und die Kartenreservierung informieren.<\/p>\n","protected":false},"author":1,"featured_media":0,"parent":0,"menu_order":0,"comment_status":"closed","ping_status":"closed","template":"","meta":{"footnotes":""},"class_list":["post-2617","page","type-page","status-publish","hentry"],"_links":{"self":[{"href":"https:\/\/www.milbertshofener-buehne.de\/index.php?rest_route=\/wp\/v2\/pages\/2617","targetHints":{"allow":["GET"]}}],"collection":[{"href":"https:\/\/www.milbertshofener-buehne.de\/index.php?rest_route=\/wp\/v2\/pages"}],"about":[{"href":"https:\/\/www.milbertshofener-buehne.de\/index.php?rest_route=\/wp\/v2\/types\/page"}],"author":[{"embeddable":true,"href":"https:\/\/www.milbertshofener-buehne.de\/index.php?rest_route=\/wp\/v2\/users\/1"}],"replies":[{"embeddable":true,"href":"https:\/\/www.milbertshofener-buehne.de\/index.php?rest_route=%2Fwp%2Fv2%2Fcomments&post=2617"}],"version-history":[{"count":7,"href":"https:\/\/www.milbertshofener-buehne.de\/index.php?rest_route=\/wp\/v2\/pages\/2617\/revisions"}],"predecessor-version":[{"id":2628,"href":"https:\/\/www.milbertshofener-buehne.de\/index.php?rest_route=\/wp\/v2\/pages\/2617\/revisions\/2628"}],"wp:attachment":[{"href":"https:\/\/www.milbertshofener-buehne.de\/index.php?rest_route=%2Fwp%2Fv2%2Fmedia&parent=2617"}],"curies":[{"name":"wp","href":"https:\/\/api.w.org\/{rel}","templated":true}]}}