{"id":66,"date":"2017-07-14T16:29:03","date_gmt":"2017-07-14T14:29:03","guid":{"rendered":"http:\/\/cms.milbertshofener-buehne.de\/?page_id=66"},"modified":"2018-05-27T16:20:07","modified_gmt":"2018-05-27T14:20:07","slug":"kontakt","status":"publish","type":"page","link":"https:\/\/www.milbertshofener-buehne.de\/?page_id=66","title":{"rendered":"Kontakt"},"content":{"rendered":"<div class=\"caldera-grid\" id=\"caldera_form_1\" data-cf-ver=\"1.9.4\" data-cf-form-id=\"CF5b0a9aecaaf47\"><div id=\"caldera_notices_1\" data-spinner=\"https:\/\/www.milbertshofener-buehne.de\/wp-admin\/images\/spinner.gif\"><\/div><form data-instance=\"1\" class=\"CF5b0a9aecaaf47 caldera_forms_form cfajax-trigger\" method=\"POST\" enctype=\"multipart\/form-data\" id=\"CF5b0a9aecaaf47_1\" data-form-id=\"CF5b0a9aecaaf47\" aria-label=\"Kontaktformular DSGVO\" data-target=\"#caldera_notices_1\" data-template=\"#cfajax_CF5b0a9aecaaf47-tmpl\" data-cfajax=\"CF5b0a9aecaaf47\" data-load-element=\"_parent\" data-load-class=\"cf_processing\" data-post-disable=\"0\" data-action=\"cf_process_ajax_submit\" data-request=\"https:\/\/www.milbertshofener-buehne.de\/?cf_api=CF5b0a9aecaaf47\" data-hiderows=\"true\">\r\n<input type=\"hidden\" id=\"_cf_verify_CF5b0a9aecaaf47\" name=\"_cf_verify\" value=\"873d25d362\"  data-nonce-time=\"1776867288\" \/><input type=\"hidden\" name=\"_wp_http_referer\" value=\"\/index.php?rest_route=%2Fwp%2Fv2%2Fpages%2F66\" \/><div id=\"cf2-CF5b0a9aecaaf47_1\"><\/div><input type=\"hidden\" name=\"_cf_frm_id\" value=\"CF5b0a9aecaaf47\">\r\n<input type=\"hidden\" name=\"_cf_frm_ct\" value=\"1\">\r\n<input type=\"hidden\" name=\"cfajax\" value=\"CF5b0a9aecaaf47\">\r\n<input type=\"hidden\" name=\"_cf_cr_pst\" value=\"66\">\r\n<div class=\"hide\" style=\"display:none; overflow:hidden;height:0;width:0;\">\r\n<label>Company<\/label><input type=\"text\" name=\"company\" value=\"\" autocomplete=\"off\">\r\n<\/div><div id=\"CF5b0a9aecaaf47_1-row-1\"  class=\"row  first_row\"><div  class=\"col-sm-12  single\"><div data-field-wrapper=\"fld_8768091\" class=\"form-group\" id=\"fld_8768091_1-wrap\">\r\n\t<label id=\"fld_8768091Label\" for=\"fld_8768091_1\" class=\"control-label\">Vorname <span aria-hidden=\"true\" role=\"presentation\" class=\"field_required\" style=\"color:#ee0000;\">*<\/span><\/label>\r\n\t<div class=\"\">\r\n\t\t<input placeholder=\"bitte geben Sie Ihren Vornamen ein\"  required type=\"text\" data-field=\"fld_8768091\" class=\" form-control\" id=\"fld_8768091_1\" name=\"fld_8768091\" value=\"\" data-type=\"text\" aria-required=\"true\"   aria-labelledby=\"fld_8768091Label\" >\t\t\t<\/div>\r\n<\/div>\r\n<div data-field-wrapper=\"fld_9970286\" class=\"form-group\" id=\"fld_9970286_1-wrap\">\r\n\t<label id=\"fld_9970286Label\" for=\"fld_9970286_1\" class=\"control-label\">Nachname <span aria-hidden=\"true\" role=\"presentation\" class=\"field_required\" style=\"color:#ee0000;\">*<\/span><\/label>\r\n\t<div class=\"\">\r\n\t\t<input placeholder=\"bitte geben Sie Ihren Nachnamen ein\"  required type=\"text\" data-field=\"fld_9970286\" class=\" form-control\" id=\"fld_9970286_1\" name=\"fld_9970286\" value=\"\" data-type=\"text\" aria-required=\"true\"   aria-labelledby=\"fld_9970286Label\" >\t\t\t<\/div>\r\n<\/div>\r\n<div data-field-wrapper=\"fld_6009157\" class=\"form-group\" id=\"fld_6009157_1-wrap\">\r\n\t<label id=\"fld_6009157Label\" for=\"fld_6009157_1\" class=\"control-label\">Emailadresse <span aria-hidden=\"true\" role=\"presentation\" class=\"field_required\" style=\"color:#ee0000;\">*<\/span><\/label>\r\n\t<div class=\"\">\r\n\t\t<input placeholder=\"name@domain.de\"  required type=\"email\" data-field=\"fld_6009157\" class=\" form-control\" id=\"fld_6009157_1\" name=\"fld_6009157\" value=\"\" data-type=\"email\" aria-required=\"true\"   aria-labelledby=\"fld_6009157Label\" >\t\t\t<\/div>\r\n<\/div>\r\n<div data-field-wrapper=\"fld_3744162\" class=\"form-group\" id=\"fld_3744162_1-wrap\">\r\n\t<label id=\"fld_3744162Label\" for=\"fld_3744162_1\" class=\"control-label\">Betreff <span aria-hidden=\"true\" role=\"presentation\" class=\"field_required\" style=\"color:#ee0000;\">*<\/span><\/label>\r\n\t<div class=\"\">\r\n\t\t<input placeholder=\"bitte geben Sie einen Betreff ein\"  required type=\"text\" data-field=\"fld_3744162\" class=\" form-control\" id=\"fld_3744162_1\" name=\"fld_3744162\" value=\"\" data-type=\"text\" aria-required=\"true\"   aria-labelledby=\"fld_3744162Label\" >\t\t\t<\/div>\r\n<\/div>\r\n<\/div><\/div><div id=\"CF5b0a9aecaaf47_1-row-2\"  class=\"row \"><div  class=\"col-sm-12  single\"><div data-field-wrapper=\"fld_7683514\" class=\"form-group\" id=\"fld_7683514_1-wrap\">\r\n\t<label id=\"fld_7683514Label\" for=\"fld_7683514_1\" class=\"control-label\">Nachricht <span aria-hidden=\"true\" role=\"presentation\" class=\"field_required\" style=\"color:#ee0000;\">*<\/span><\/label>\r\n\t<div class=\"\">\r\n\t\t<textarea name=\"fld_7683514\" value=\"\" data-field=\"fld_7683514\" class=\"form-control\" id=\"fld_7683514_1\" rows=\"7\" placeholder=\"bitte geben Sie hier Ihre Nachricht ein\"  required=\"required\"  aria-labelledby=\"fld_7683514Label\" ><\/textarea>\n\t\t\t<\/div>\r\n<\/div>\r\n<\/div><\/div><div id=\"CF5b0a9aecaaf47_1-row-3\"  class=\"row \"><div  class=\"col-sm-12  single\"><div class=\"\"><p>Bitte lesen die <a target=\"_blank\" href=\"http:\/\/www.milbertshofener-buehne.de\/?page_id=2772\">Datenschutzerkl\u00e4rung<\/a> und stimmen Sie ihr zu, indem sie hier ein H\u00e4kchen setzen.<\/p>\n<\/div><div data-field-wrapper=\"fld_2411589\" class=\"form-group\" id=\"fld_2411589_1-wrap\">\r\n\t<label id=\"fld_2411589Label\" for=\"fld_2411589_1\" class=\"control-label screen-reader-text sr-only\">Datenschutz<\/label>\r\n\t<div class=\"\">\r\n\t\t\t\t\t\t\t\t\t\t\t<div class=\"checkbox\">\n\t\t\t\t\n                <label                         for=\"fld_2411589_1_opt1057747\"\n                >\n                            <input\n                                data-parsley-required=\"true\" data-parsley-group=\"fld_2411589_1\" data-parsley-multiple=\"fld_2411589_1\"                                type=\"checkbox\"\n                                data-label=\"Ich habe die Datenschutzerkl\u00e4rung gelesen und stimme ihr zu\"\n                                data-field=\"fld_2411589\"\n                                id=\"fld_2411589_1_opt1057747\"\n                                class=\"fld_2411589_1 option-required\"\n                                name=\"fld_2411589[opt1057747]\"\n                                value=\"Ich habe die Datenschutzerkl\u00e4rung gelesen und stimme ihr zu\"\n                                                                data-type=\"checkbox\"\n                                data-checkbox-field=\"fld_2411589_1\"\n                                                                data-calc-value=\"Ich habe die Datenschutzerkl\u00e4rung gelesen und stimme ihr zu\"\n                            >\n                    Ich habe die Datenschutzerkl\u00e4rung gelesen und stimme ihr zu                <\/label>\n\n                \t\t\t\t\t<\/div>\n\t\t\t\t\t\t\t\t\t\t<span id=\"fld_2411589Caption\" class=\"help-block\">Sie m\u00fcssen der Datenschutzerkl\u00e4rung zustimmen, um die Nachricht abschicken zu k\u00f6nnen<\/span>\r\n\t<\/div>\r\n<\/div>\r\n<\/div><\/div><div id=\"CF5b0a9aecaaf47_1-row-4\"  class=\"row  last_row\"><div  class=\"col-sm-12  single\"><div data-field-wrapper=\"fld_7908577\" class=\"form-group\" id=\"fld_7908577_1-wrap\">\r\n<div class=\"\">\r\n\t<input  class=\"btn btn-default\" type=\"submit\" name=\"fld_7908577\" id=\"fld_7908577_1\" value=\"Abschicken\" data-field=\"fld_7908577\"  >\n<\/div>\r\n<\/div>\r\n\t<input class=\"button_trigger_1\" type=\"hidden\" name=\"fld_7908577\" id=\"fld_7908577_1_btn\" value=\"\" data-field=\"fld_7908577\"  \/>\n<\/div><\/div><\/form>\r\n<\/div>\r\n\n<h3>Nie wieder ein St\u00fcck verpassen! Melden Sie sich f\u00fcr unseren j\u00e4hrlichen Newsletter an! Klicken Sie <em><a href=\"https:\/\/www.milbertshofener-buehne.de\/?page_id=2617\">hier<\/a><\/em>.<\/h3>\n","protected":false},"excerpt":{"rendered":"<p>Nie wieder ein St\u00fcck verpassen! Melden Sie sich f\u00fcr unseren j\u00e4hrlichen Newsletter an! Klicken Sie hier.<\/p>\n","protected":false},"author":1,"featured_media":0,"parent":0,"menu_order":0,"comment_status":"closed","ping_status":"closed","template":"","meta":{"footnotes":""},"class_list":["post-66","page","type-page","status-publish","hentry"],"_links":{"self":[{"href":"https:\/\/www.milbertshofener-buehne.de\/index.php?rest_route=\/wp\/v2\/pages\/66","targetHints":{"allow":["GET"]}}],"collection":[{"href":"https:\/\/www.milbertshofener-buehne.de\/index.php?rest_route=\/wp\/v2\/pages"}],"about":[{"href":"https:\/\/www.milbertshofener-buehne.de\/index.php?rest_route=\/wp\/v2\/types\/page"}],"author":[{"embeddable":true,"href":"https:\/\/www.milbertshofener-buehne.de\/index.php?rest_route=\/wp\/v2\/users\/1"}],"replies":[{"embeddable":true,"href":"https:\/\/www.milbertshofener-buehne.de\/index.php?rest_route=%2Fwp%2Fv2%2Fcomments&post=66"}],"version-history":[{"count":11,"href":"https:\/\/www.milbertshofener-buehne.de\/index.php?rest_route=\/wp\/v2\/pages\/66\/revisions"}],"predecessor-version":[{"id":2620,"href":"https:\/\/www.milbertshofener-buehne.de\/index.php?rest_route=\/wp\/v2\/pages\/66\/revisions\/2620"}],"wp:attachment":[{"href":"https:\/\/www.milbertshofener-buehne.de\/index.php?rest_route=%2Fwp%2Fv2%2Fmedia&parent=66"}],"curies":[{"name":"wp","href":"https:\/\/api.w.org\/{rel}","templated":true}]}}